{"id":350,"date":"2015-01-26T19:07:31","date_gmt":"2015-01-26T17:07:31","guid":{"rendered":"http:\/\/gite.gaume.meix.be\/?page_id=350"},"modified":"2015-01-26T19:35:45","modified_gmt":"2015-01-26T17:35:45","slug":"livre-dor","status":"publish","type":"page","link":"https:\/\/gite.gaume.meix.be\/?page_id=350","title":{"rendered":"Livre d&rsquo;or"},"content":{"rendered":"<p>Laissez-nous vos commentaires, impressions &#8230;..<\/p>\n<div class=\"gwolle-gb\"><div class=\"gwolle-gb-messages-top-container\"><\/div>\n\t\t\t<div class=\"gwolle-gb-write-button\">\n\t\t\t\t<input type=\"button\" name=\"gwolle-gb-write-button\" class=\"button btn btn-default \" value=\"\u00c9crire un nouveau message\" aria-expanded=\"false\" \/>\n\t\t\t<\/div>\n\t\t\t<form action=\"#\" method=\"POST\" class=\"gwolle-gb-write gwolle-gb-hide gwolle-gb-float gwolle-gb-form-ajax gwolle-gb-ajax gwolle-gb-not-logged-in\">\n\t\t\t\t<h3>\u00c9crivez un nouveau message dans le livre d\u2019or<\/h3>\n\t\t\t\t<button type=\"button\" class=\"gb-notice-dismiss\">x<span class=\"screen-reader-text\">Masquer ce formulaire.<\/span><\/button>\n\t\t\t\n\t\t\t\t<input type=\"hidden\" name=\"gwolle_gb_function\" class=\"gwolle_gb_function\" value=\"add_entry\" \/><input type=\"hidden\" name=\"gwolle_gb_book_id\" class=\"gwolle_gb_book_id\" value=\"1\" \/><div class=\"gwolle_gb_0067c0adc8e108a7d7829fa3999b471e\">\n\t\t\t\t<div class=\"label\"><label for=\"gwolle_gb_0067c0adc8e108a7d7829fa3999b471e-1\" class=\"text-info\">Nom <span class=\"required\">*<\/span><\/label><\/div>\n\t\t\t\t<div class=\"input\"><input class=\"wp-exclude-emoji gwolle_gb_0067c0adc8e108a7d7829fa3999b471e\" value=\"\" type=\"text\" id=\"gwolle_gb_0067c0adc8e108a7d7829fa3999b471e-1\" name=\"gwolle_gb_0067c0adc8e108a7d7829fa3999b471e\" required \/><\/div>\n\t\t\t\t<div class=\"clearBoth\">&nbsp;<\/div>\n\t\t\t<\/div><div class=\"gwolle_gb_365827e7f3e44c03f0bd32701495e60f\">\n\t\t\t\t\t<div class=\"label\"><label for=\"gwolle_gb_365827e7f3e44c03f0bd32701495e60f-1\" class=\"text-info\">Ville<\/label><\/div>\n\t\t\t\t\t<div class=\"input\"><input class=\"wp-exclude-emoji gwolle_gb_365827e7f3e44c03f0bd32701495e60f\" value=\"\" type=\"text\" id=\"gwolle_gb_365827e7f3e44c03f0bd32701495e60f-1\" name=\"gwolle_gb_365827e7f3e44c03f0bd32701495e60f\" \/><\/div>\n\t\t\t\t\t<div class=\"clearBoth\">&nbsp;<\/div>\n\t\t\t\t<\/div><div class=\"gwolle_gb_cd682818d063250645ada78f2e63a52c\">\n\t\t\t\t<div class=\"label\"><label for=\"gwolle_gb_cd682818d063250645ada78f2e63a52c-1\" class=\"text-info\">E-mail <span class=\"required\">*<\/span><\/label><\/div>\n\t\t\t\t<div class=\"input\"><input class=\"gwolle_gb_cd682818d063250645ada78f2e63a52c\" value=\"\" type=\"email\" id=\"gwolle_gb_cd682818d063250645ada78f2e63a52c-1\" name=\"gwolle_gb_cd682818d063250645ada78f2e63a52c\" required \/><\/div>\n\t\t\t\t<div class=\"clearBoth\">&nbsp;<\/div>\n\t\t\t<\/div><div class=\"gwolle_gb_c25b3f489831c878b3041d749055cec2\">\n\t\t\t\t<div class=\"label\"><label for=\"gwolle_gb_c25b3f489831c878b3041d749055cec2-1\" class=\"text-info\">Site web<\/label><\/div>\n\t\t\t\t<div class=\"input\"><input class=\"gwolle_gb_c25b3f489831c878b3041d749055cec2\" value=\"\" type=\"url\" id=\"gwolle_gb_c25b3f489831c878b3041d749055cec2-1\" name=\"gwolle_gb_c25b3f489831c878b3041d749055cec2\" \/><\/div>\n\t\t\t\t<div class=\"clearBoth\">&nbsp;<\/div>\n\t\t\t<\/div>\n\t\t\t<div class=\"gwolle_gb_af86ea59f4bf793fee145f26eeeaedc4\" style=\"display:none;overflow:hidden;\" hidden=\"true\" aria-hidden=\"true\">\n\t\t\t\t<div class=\"label\">\n\t\t\t\t\t<label for=\"gwolle_gb_af86ea59f4bf793fee145f26eeeaedc4-1\" class=\"text-primary\">Ne touchez pas \u00e0 ceci<\/label>\n\t\t\t\t\t<label for=\"gwolle_gb_5a1ce6288b372a58aebed86460f8f608-1\" class=\"text-primary\">Ne touchez pas \u00e0 ceci<\/label>\n\t\t\t\t<\/div>\n\t\t\t\t<div class=\"input\">\n\t\t\t\t\t<input value=\"25\" type=\"text\" id=\"gwolle_gb_af86ea59f4bf793fee145f26eeeaedc4-1\" name=\"gwolle_gb_af86ea59f4bf793fee145f26eeeaedc4\" class=\"gwolle_gb_af86ea59f4bf793fee145f26eeeaedc4\" style=\"transform: translateY(10000px);\" \/>\n\t\t\t\t\t<input value=\"\" type=\"text\" name=\"gwolle_gb_5a1ce6288b372a58aebed86460f8f608\" id=\"gwolle_gb_5a1ce6288b372a58aebed86460f8f608-1\" class=\"gwolle_gb_5a1ce6288b372a58aebed86460f8f608\" style=\"transform: translateY(10000px);\" \/>\n\t\t\t\t<\/div>\n\t\t\t\t<div class=\"clearBoth\"><\/div>\n\t\t\t<\/div>\n\t\t\t<div class=\"gwolle_gb_ebd1b2cf3db7fa1a109146dba61f04be\" style=\"display:none;overflow:hidden;\" hidden=\"true\" aria-hidden=\"true\">\n\t\t\t\t<div class=\"label\">\n\t\t\t\t\t<label for=\"gwolle_gb_ebd1b2cf3db7fa1a109146dba61f04be-1\" class=\"text-primary\">Ne touchez pas \u00e0 ceci<\/label>\n\t\t\t\t\t<label for=\"gwolle_gb_ecf3382b4d5ea7f4c25a551587ed53b1-1\" class=\"text-primary\">Ne touchez pas \u00e0 ceci<\/label>\n\t\t\t\t<\/div>\n\t\t\t\t<div class=\"input\">\n\t\t\t\t\t<input value=\"22478\" type=\"text\" id=\"gwolle_gb_ebd1b2cf3db7fa1a109146dba61f04be-1\" name=\"gwolle_gb_ebd1b2cf3db7fa1a109146dba61f04be\" class=\"gwolle_gb_ebd1b2cf3db7fa1a109146dba61f04be\" style=\"transform: translateY(10000px);\" \/>\n\t\t\t\t\t<input value=\"22478\" type=\"text\"id=\"gwolle_gb_ecf3382b4d5ea7f4c25a551587ed53b1-1\" name=\"gwolle_gb_ecf3382b4d5ea7f4c25a551587ed53b1\" class=\"gwolle_gb_ecf3382b4d5ea7f4c25a551587ed53b1\" style=\"transform: translateY(10000px);\" \/>\n\t\t\t\t<\/div>\n\t\t\t\t<div class=\"clearBoth\"><\/div>\n\t\t\t<\/div><div class=\"gwolle_gb_content\">\n\t\t\t\t<div class=\"label\"><label for=\"gwolle_gb_content-1\" class=\"text-info\">Message du livre d\u2019or <span class=\"required\">*<\/span><\/label><\/div>\n\t\t\t\t<div class=\"input\"><textarea id=\"gwolle_gb_content-1\" name=\"gwolle_gb_content\" class=\"gwolle_gb_content wp-exclude-emoji\" required ><\/textarea><\/div>\n\t\t\t\t\t<div class=\"clearBoth\">&nbsp;<\/div>\n\t\t\t\t<\/div><input type=\"hidden\" class=\"gwolle_gb_5472bec68c9ff203b56d0e8010c23b59\" id=\"gwolle_gb_5472bec68c9ff203b56d0e8010c23b59-1\" name=\"gwolle_gb_5472bec68c9ff203b56d0e8010c23b59\" value=\"e1478ed3ae\" \/>\n\t\t\t<div class=\"gwolle-gb-messages-bottom-container\"><\/div>\n\n\t\t\t<noscript><div class=\"no-js\">Avertissement\u00a0: Ce formulaire ne peut \u00eatre utilis\u00e9 que si JavaScript est activ\u00e9 dans votre navigateur.<\/div><\/noscript>\n\n\t\t\t<div class=\"gwolle_gb_submit gwolle-gb-submit\">\n\t\t\t\t<div class=\"label gwolle-gb-invisible text-muted\">&nbsp;<\/div>\n\t\t\t\t<div class=\"input\">\n\t\t\t\t\t<input type=\"submit\" name=\"gwolle_gb_submit\" class=\"gwolle_gb_submit button btn btn-primary \" value=\"Envoyer\" \/>\n\t\t\t\t\t<span class=\"gwolle_gb_submit_ajax_icon gwolle-gb-submit-ajax-icon\"><\/span>\n\t\t\t\n\t\t\t\t<\/div>\n\t\t\t\t<div class=\"clearBoth\">&nbsp;<\/div>\n\t\t\t<\/div>\n\n\t\t\t<div class=\"gwolle_gb_notice gwolle-gb-notice\">\n\t\t\t\t<br \/>\nLes champs marqu\u00e9s avec un * sont obligatoires.<br \/>\nVotre adresse e-mail ne sera pas publi\u00e9e.<br \/>\nIl se pourrait que votre message n\u2019apparaisse dans le livre d\u2019or qu\u2019apr\u00e8s que nous l\u2019ayons v\u00e9rifi\u00e9.<br \/>\nNous nous r\u00e9servons le droit de modifier, de supprimer, ou de ne pas publier les messages.<br \/>\n\n\t\t\t<\/div><\/form><div class=\"gwolle-gb-read gwolle-gb-ajax gwolle-gb-entries-list\" data-book_id=\"1\" data-page_id=\"1\">\n\t\t<div id=\"gwolle-gb-total\" class=\"gwolle-gb-total\">2 messages.<\/div><!-- Gwolle-GB Entry: Default Template Loaded -->\n\t\t\t\t<div class=\"gb-entry gb-entry_4 gb-entry-count_1 gwolle-gb-uneven gwolle-gb-first\" id=\"gb-entry_4\" data-entry_id=\"4\">\n\t\t\t\t<article>\n\t\t\t\t\t<div class=\"gb-author-info\">\n\t\t\t\t\t\t<span class=\"gb-author-avatar\"><img referrerpolicy=\"no-referrer\" alt='Schauvliege-Pollet' src='https:\/\/secure.gravatar.com\/avatar\/29327cec7494ae2b6d2e1bb08e85f241d3093a293b7950dd6f77e4aad83dc2a3?s=32&#038;d=mm&#038;r=g' srcset='https:\/\/secure.gravatar.com\/avatar\/29327cec7494ae2b6d2e1bb08e85f241d3093a293b7950dd6f77e4aad83dc2a3?s=64&#038;d=mm&#038;r=g 2x' class='avatar avatar-32 photo' height='32' width='32' \/><\/span>\n\t\t\t\t\t\t<span class=\"gb-author-name\">Schauvliege-Pollet\n\t\t\t\t\t\t<\/span>\n\t\t\t\t\t\t<span class=\"gb-author-origin\">\n\t\t\t\t\t\t\t<span class=\"gb-author-origin-from-text\"> de<\/span>\n\t\t\t\t\t\t\t<span class=\"gb-author-origin-text\"> Bruges<\/span>\n\t\t\t\t\t\t<\/span>\n\t\t\t\t\t\t<span class=\"gb-datetime\">\n\t\t\t\t\t\t\t<span class=\"gb-date\"><span class=\"gb-date-wrote-text\"> a \u00e9crit le<\/span><span class=\"gb-date-text\"> 26 ao\u00fbt 2015<\/span>\n\t\t\t\t\t\t\t<\/span><span class=\"gb-time\">\n\t\t\t\t\t\t\t\t\t<span class=\"gb-time-at-text\"> \u00e0<\/span>\n\t\t\t\t\t\t\t\t\t<span class=\"gb-time-text\"> 15 h 25 min<\/span>\n\t\t\t\t\t\t\t\t<\/span>\n\t\t\t\t\t\t<\/span> \n\t\t\t\t\t<\/div>\n\t\t\t\t\t<div class=\"gb-entry-content\">Het huis was heel mooi, er was ook  een hele grote tuin,<br \/>\r\nalles was in orde en heel netjes!<br \/>\r\nWe gaan zeker nog terug!!<br \/>\r\neen 10\n\t\t\t\t\t<\/div>\n\t\t\t\t<\/article>\n\t\t\t<\/div>\n\t\t\t<div class=\"gb-entry gb-entry_1 gb-entry-count_2 gwolle-gb-even\" id=\"gb-entry_1\" data-entry_id=\"1\">\n\t\t\t\t<article>\n\t\t\t\t\t<div class=\"gb-author-info\">\n\t\t\t\t\t\t<span class=\"gb-author-avatar\"><img referrerpolicy=\"no-referrer\" alt='vellande' src='https:\/\/secure.gravatar.com\/avatar\/e72a22a5597cdb40fe5324198346a7e474035c1415d4872ea0d1757d7a4487ed?s=32&#038;d=mm&#038;r=g' srcset='https:\/\/secure.gravatar.com\/avatar\/e72a22a5597cdb40fe5324198346a7e474035c1415d4872ea0d1757d7a4487ed?s=64&#038;d=mm&#038;r=g 2x' class='avatar avatar-32 photo' height='32' width='32' \/><\/span>\n\t\t\t\t\t\t<span class=\"gb-author-name\">vellande\n\t\t\t\t\t\t<\/span>\n\t\t\t\t\t\t<span class=\"gb-author-origin\">\n\t\t\t\t\t\t\t<span class=\"gb-author-origin-from-text\"> de<\/span>\n\t\t\t\t\t\t\t<span class=\"gb-author-origin-text\"> Mehaigne<\/span>\n\t\t\t\t\t\t<\/span>\n\t\t\t\t\t\t<span class=\"gb-datetime\">\n\t\t\t\t\t\t\t<span class=\"gb-date\"><span class=\"gb-date-wrote-text\"> a \u00e9crit le<\/span><span class=\"gb-date-text\"> 26 janvier 2015<\/span>\n\t\t\t\t\t\t\t<\/span><span class=\"gb-time\">\n\t\t\t\t\t\t\t\t\t<span class=\"gb-time-at-text\"> \u00e0<\/span>\n\t\t\t\t\t\t\t\t\t<span class=\"gb-time-text\"> 21 h 35 min<\/span>\n\t\t\t\t\t\t\t\t<\/span>\n\t\t\t\t\t\t<\/span> \n\t\t\t\t\t<\/div>\n\t\t\t\t\t<div class=\"gb-entry-content\">Nous sommes super contents d&#039;inaugurer ce livre d&#039;or! Nous avons pass\u00e9 un magnifique WE dans ce g\u00eete avec en plus de la neige au menu !!! Il ne nous a rien manqu\u00e9 , au contraire, bien plus que le n\u00e9cessaire : le confort , l&#039;espace, l&#039;\u00e9quipement, la localisation, la propret\u00e9 et votre accueil digne d&#039;un vrai h\u00f4te gaumais ! Tr\u00e8s belle d\u00e9couverte pour toute notre bande, parents et adolescents sont tous enchant\u00e9s et <br \/>\r\nreviendront certainement !\n\t\t\t\t\t<\/div>\n\t\t\t\t<\/article>\n\t\t\t<\/div>\n\t\t\t<\/div><\/div>\n","protected":false},"excerpt":{"rendered":"<p>Laissez-nous vos commentaires, impressions &#8230;..<\/p>\n","protected":false},"author":46,"featured_media":352,"parent":0,"menu_order":0,"comment_status":"closed","ping_status":"closed","template":"","meta":{"footnotes":""},"class_list":["post-350","page","type-page","status-publish","has-post-thumbnail","hentry"],"_links":{"self":[{"href":"https:\/\/gite.gaume.meix.be\/index.php?rest_route=\/wp\/v2\/pages\/350","targetHints":{"allow":["GET"]}}],"collection":[{"href":"https:\/\/gite.gaume.meix.be\/index.php?rest_route=\/wp\/v2\/pages"}],"about":[{"href":"https:\/\/gite.gaume.meix.be\/index.php?rest_route=\/wp\/v2\/types\/page"}],"author":[{"embeddable":true,"href":"https:\/\/gite.gaume.meix.be\/index.php?rest_route=\/wp\/v2\/users\/46"}],"replies":[{"embeddable":true,"href":"https:\/\/gite.gaume.meix.be\/index.php?rest_route=%2Fwp%2Fv2%2Fcomments&post=350"}],"version-history":[{"count":2,"href":"https:\/\/gite.gaume.meix.be\/index.php?rest_route=\/wp\/v2\/pages\/350\/revisions"}],"predecessor-version":[{"id":354,"href":"https:\/\/gite.gaume.meix.be\/index.php?rest_route=\/wp\/v2\/pages\/350\/revisions\/354"}],"wp:featuredmedia":[{"embeddable":true,"href":"https:\/\/gite.gaume.meix.be\/index.php?rest_route=\/wp\/v2\/media\/352"}],"wp:attachment":[{"href":"https:\/\/gite.gaume.meix.be\/index.php?rest_route=%2Fwp%2Fv2%2Fmedia&parent=350"}],"curies":[{"name":"wp","href":"https:\/\/api.w.org\/{rel}","templated":true}]}}